*x - 10. List the prime factors of b(-10).
2, 5
Let p = -1 + 3. Let v(k) = -5*k - 1 - k**p - k**2 + 3*k**2 + 3. What are the prime factors of v(6)?
2
Let m(j) = 193*j**2 - 1. What are the prime factors of m(-1)?
2, 3
Let c(r) = 4*r + 3. Let m(s) = -12*s - 8. Let z(y) = -7*c(y) - 2*m(y). What are the prime factors of z(-5)?
3, 5
Let h(f) = f**3 - 7*f**2 + 5*f + 3. Let q be h(6). What are the prime factors of 6*(q - 20/(-6))?
2
Let d(y) = 2*y + 3*y**2 + 4 - y**3 + 2 - 4. Let t be (6/9)/((-4)/(-18)). List the prime factors of d(t).
2
Let m = -37 - -68. List the prime factors of m.
31
Let p = 18 + -19. Let c(t) = -20*t**3 + 2*t**2 - 1. List the prime factors of c(p).
3, 7
Suppose 43 - 11 = 4*a. Suppose -2*y - 4*f = -a, 0 = y - 2*f - 3*f - 39. What are the prime factors of y?
2, 7
Let o = 19 - 13. Suppose -4*v - 15 = -3*k - 6, -4*v - o = -2*k. Suppose 5*u + 1 - 16 = v. List the prime factors of u.
3
Let x(k) = k**3 + 5*k**2 - 9*k - 3. What are the prime factors of x(-5)?
2, 3, 7
Let v(f) be the first derivative of -2*f**2 - f - 5. List the prime factors of v(-2).
7
Suppose -3*m + z - 3*z + 26 = 0, 0 = 3*m + 3*z - 27. Let n be m/5*15/6. Suppose f = n*x + 12, -2*f + 16 = 3*x - 7*x. What are the prime factors of f?
2
Suppose l = -f + 13, -l = -1 - 1. Let d(n) = 2*n + 11. Let x(v) = 4*v + 22. Let b(s) = f*d(s) - 6*x(s). List the prime factors of b(-12).
13
Suppose -4*m + 3*p = -74, 0 = 5*m + 4*p - 49 - 28. List the prime factors of m.
17
Let m(b) = b + 4. Let f(w) = 5*w + 19. Let v(c) = -2*f(c) + 11*m(c). Let k = 6 - 9. List the prime factors of v(k).
3
Let z = 16 + -1. Suppose z = 5*g - 80. What are the prime factors of g?
19
Suppose -5*m + 110 = -55. What are the prime factors of m?
3, 11
Let f(g) = 9*g**3 - 5*g**2 - 3*g - 4. Let t(c) = -18*c**3 + 11*c**2 + 7*c + 9. Let q(i) = 9*f(i) + 4*t(i). List the prime factors of q(1).
3
Let y be (-14)/(-8) - 2/(-8). Let r be 0 - 0*(-1)/2. Let j = y + r. List the prime factors of j.
2
Let s = 47 - 15. List the prime factors of s.
2
Suppose d - 1 = 1. Suppose -4*j - 5*y - 2 = 0, -d*j - 2*j = -5*y - 18. What are the prime factors of j?
2
Suppose -4*d - 306 + 1406 = 0. What are the prime factors of d?
5, 11
Let t = -2 - -5. Suppose -15 = -p + 5*h, -p = -0*p - 2*h - 6. Suppose t*l - 24 = -p*l. What are the prime factors of l?
2
Let p = -49 + 58. List the prime factors of p.
3
What are the prime factors of (-2)/(-2) + 28 + 4?
3, 11
Let v(w) = 15*w - 8. Let y be v(-6). Let r = y - -168. What are the prime factors of r/4 + (-2)/(-4)?
2, 3
Suppose 16 = 4*q, 10 = b - 4*q + 25. Let p(n) = 10*n**2 + 2*n - 1. Let w be p(b). Let g = w - -3. List the prime factors of g.
2, 7
Let f(c) = -2*c**2 - 8*c - 16. Let j(q) = -q**2 - 8*q - 15. Let r = 6 + -4. Let b(m) = r*f(m) - 3*j(m). List the prime factors of b(9).
2
List the prime factors of (252/10)/((-18)/(-120)).
2, 3, 7
Let s(k) = k. Let x be s(0). Suppose 2*o = 6 - x. Suppose o*r - 10 = r. What are the prime factors of r?
5
Let c = 112 + 66. What are the prime factors of c?
2, 89
Let v(a) = 3*a**2 - 4*a - 2. Let i be v(-2). Suppose 0 = -o - 2 + i. What are the prime factors of o?
2
Suppose 3*r = -r - 12. Let g = 5 + r. Suppose 20 = v + 5*c, -v = 3*v + g*c - 26. What are the prime factors of v?
5
What are the prime factors of (3 + 10/(-4))*146?
73
Let w = -20 - -8. Suppose 3*v = 3*i - v - 9, 2*v = -i - 7. What are the prime factors of (-64)/w*(2 - i)?
2
List the prime factors of (-8)/(-20) - 113/(-5).
23
What are the prime factors of (-6)/(-4)*(-928)/(-12)?
2, 29
What are the prime factors of 0 - 0 - (-11 - 6)?
17
Suppose 2*u - 35 = -3*u. Let g be u - ((-2)/(-2) - -1). Suppose -y + 16 = 4*m, g*y + m - 19 = y. What are the prime factors of y?
2
Suppose 0 = -9*y + 6*y + 234. List the prime factors of y.
2, 3, 13
Suppose -2*g + 3*a + 16 = 0, -4*g + g - 6 = 3*a. Suppose 0 = o - 4*o - 2*i - 86, -70 = g*o - 5*i. Let u = o + 42. What are the prime factors of u?
2, 3
Let w(j) = -4*j**3 + 9*j - 14 + 3*j**3 + 13*j**2 + 4*j**3 - 2*j**3. What are the prime factors of w(-12)?
2, 11
Suppose -15 = 3*c - 0*c, 3*s - 82 = 5*c. Suppose -4*v = -16, 0 = 5*f - 5*v + s - 4. Suppose n - f = 7. List the prime factors of n.
2
Let x(w) = -w**2 - 8*w + 3. Let r(c) = 0 + 4*c - 5*c - 1. Let t be r(7). What are the prime factors of x(t)?
3
Let w(g) = 0 + 1 - 4*g - 3 - 5. What are the prime factors of w(-5)?
13
Let f(a) = -5*a - 6. Let l be f(-3). Suppose i = -l + 48. What are the prime factors of i?
3, 13
Suppose 0 = 6*n + 112 - 1000. What are the prime factors of n?
2, 37
Let u(c) = -c + 3. Let k = 3 - 1. Suppose -b + d = 4*b + 37, 18 = -2*b + k*d. List the prime factors of u(b).
2, 5
Let j(n) be the first derivative of -n**4/4 + 7*n**3/3 - 7*n**2/2 + 8*n - 1. Let l be j(6). Suppose 30 = l*s + 10. List the prime factors of s.
2, 5
Let v(j) = -2*j - 10. Let o be v(-11). Let n(l) = l**3 - 12*l**2 + l - 9. What are the prime factors of n(o)?
3
Let r(n) be the first derivative of -n**3/3 - n**2/2 + 26*n - 5. What are the prime factors of r(0)?
2, 13
Suppose 0 = 8*k - 2*k - 12. Let y(f) be the first derivative of 4*f**3/3 - f**2/2 - 2*f - 1. What are the prime factors of y(k)?
2, 3
Let b(i) = i**2 - 6*i - 7. Let l(t) = -t**3 + 13*t**2 + t - 7. Let w be l(13). Let k = 3 + w. What are the prime factors of b(k)?
2, 5
Let t(v) = v**2 - 1. Let r be t(2). Suppose r*g = 5*g + 10, -5*z = 2*g - 75. List the prime factors of z.
17
Suppose 3*t - 6 + 33 = 0. Let i(z) = -z**2 - 12*z - 17. What are the prime factors of i(t)?
2, 5
What are the prime factors of 2 + 20 + 1 + 2?
5
Let i(k) = -2*k + 4 + 11 + 0*k. Let u(c) = c - 7. Let x(f) = 6*i(f) + 11*u(f). List the prime factors of x(8).
5
Suppose h - 1 = -3*t, -2*t + 5*h = t - 13. Suppose 5*c + 34 + t = 0. List the prime factors of (-6 + 1)/(6 + c).
5
Let b = -48 - -73. List the prime factors of b.
5
Suppose m = -2*n - 15, m - 6*m = 4*n + 33. Let z(l) = l + 11. Let u be z(n). List the prime factors of (-8)/(-5) + u/10.
2
Let j be 6/(((-12)/(-22))/3). Suppose 0 = 4*t + 2 - 22. Suppose -j = -3*y - 3*z, 3*y + 0*y + t*z = 41. What are the prime factors of y?
7
Let u = 47 + -29. List the prime factors of u.
2, 3
Suppose -5*o = 2*o - 273. List the prime factors of o.
3, 13
Let a(l) = -3*l - 24. What are the prime factors of a(-11)?
3
Suppose 2*w = -0*w + 824. What are the prime factors of w?
2, 103
Suppose 2*f + 3*b + 23 = -8, 0 = 2*b + 10. Let u be 84/(-16) - 2/f. List the prime factors of (-83)/u + (-4)/(-10).
17
List the prime factors of (-15 + -3)*(-8)/6.
2, 3
Let z(m) = -13*m**3 + 14*m**2 - 25*m - 11. Let t(k) = 7*k**3 - 7*k**2 + 13*k + 6. Let p(b) = -11*t(b) - 6*z(b). What are the prime factors of p(6)?
2, 3
Let c = 28 + -12. Let b = c + -14. What are the prime factors of b?
2
Suppose 4*z + f = 21, 5*z - 5*f + 2*f = 5. Suppose r + 2*x - 13 = 0, -z*r - x = -0 - 17. List the prime factors of r.
3
What are the prime factors of (-6)/(-18)*(2 + 1)*117?
3, 13
Suppose 4*a + a = -70. List the prime factors of 14/49 - 318/a.
23
Let n be ((-12)/10)/((-6)/20). Suppose 5*l + 71 = -m, -132 = 5*l - n*m - 41. What are the prime factors of 6/3*l/(-6)?
5
Let i = 4 - 4. Suppose -3*s + 3 = i, 5*n - 3*s = 2*n - 39. Let c = -5 - n. List the prime factors of c.
7
Let h(c) be the first derivative of c**3/3 - c**2/2 - 5*c - 5. What are the prime factors of h(-4)?
3, 5
Let h(k) = k**3 + k**2 - 3*k + 1. Let r be h(-5). Let u be 4/6*r/8. What are the prime factors of 3/u + (-48)/(-14)?
3
Let v(x) = -2*x**2 + 1. Let s be v(2). Let q = s + 11. What are the prime factors of q?
2
Suppose 0 = -2*c + c + 2. Suppose -2*r + 6 = -2*i - 0, -4*r + c*i = -20. List the prime factors of r.
7
Let m(c) = -5*c + 30. What are the prime factors of m(-4)?
2, 5
Suppose 2*b - 127 = 3*g, 4*b - 4*g = -3*g + 249. List the prime factors of b.
2, 31
Let h = -13 + 12. What are the prime factors of (h - 1) + (0 - -19)?
17
Suppose w + w - 82 = 0. Suppose w = 3*c + 2. What are the prime factors of c?
13
Let g(d) = d**2 + 3*d. Let h(q) = 3*q**2 + 5*q - 1. Let r(n) = -5*g(n) + 2*h(n). Let z(j) be the first derivative of r(j). List the prime factors of z(7).
3
Let t(l) = -l - 3. Let r be t(-5). Suppose -4*f + 2*u = -44, -55 = -5*f - 3*u + r*u. What are the prime factors of f?
11
Let u = -4 + 3. Let q(i) = 2*i**3 + 1. Let d be q(u)